e the third derivative of u**8/480 + u**7/5040 - u**5/6 + u**4/12 - 6*u**2 + 16*u. Let r(m) be the third derivative of a(m). Determine r(-1).
41
Let q(t) = -t**3 + t**2. Let p be (5 + (2 - 4))/(-1). Let n(l) = l**3 + 5*l**3 + l - 8*l**3 + 7*l**2 + 5. Let y(s) = p*q(s) + n(s). What is y(-4)?
1
Suppose 2*y + 5*n = -14, -5*y + 0*n = 3*n + 35. Let l(k) = k**2 + 18*k + 71. Calculate l(y).
-6
Let g(t) = 61*t**3 + t. Let v be g(-1). Let l be ((-11)/(-22))/(1119/(-372) - -3). Let y = l - v. Let u(a) = a**3 + a**2 - a + 2. What is u(y)?
2
Let j(b) = 15*b + 22*b + 8*b + 12*b - 6 - 60*b. Let r(o) = -o**3 + 7*o**2 - 4. Let i be r(7). Calculate j(i).
6
Let k(g) = g**2 + 31*g + 130. Let t be k(-26). Suppose t*y = 5*y + 4*y. Let n(i) = i**2 + 2*i - 3. What is n(y)?
-3
Let l(n) = -3*n - 3. Let p(i) = 1. Let c(u) = -l(u) + p(u). Suppose -10365 = 19*f - 10213. What is c(f)?
-20
Let n be 560/105*(-3)/(-2). Let m(p) = -p - 10. Calculate m(n).
-18
Let y(l) be the second derivative of -7*l**3/2 - l**2/2 + 2*l. Let s = -7541 - -7540. Determine y(s).
20
Suppose 189*h - 7*h - 7826 = 0. Let b(i) be the third derivative of h*i**2 + 1/120*i**6 - 1/30*i**5 + 1/24*i**4 + 0 + 1/3*i**3 + 0*i. Calculate b(2).
4
Let d(h) = -h - 8. Let z be d(-5). Let j(k) = 2*k**2 - 2*k + 1. Let i(v) = -v**2 + v - 1. Let m(n) = z*j(n) - 5*i(n). Suppose 41 - 25 = 8*x. Calculate m(x).
0
Let k(f) = -29*f**3 - 29*f**2 + 101*f + 45. Let t(d) = 5*d**3 + 5*d**2 - 17*d - 8. Let w(y) = -4*k(y) - 23*t(y). Calculate w(-4).
8
Let l(v) = 7*v - 2813 + 5639 - 2811 - v + v**2. Give l(-4).
7
Suppose -56 + 326 = 3*m. Suppose 13*h + m = 25. Let n(u) = -u**2 - u + 15. Determine n(h).
-5
Let y = 62 - 131. Let z = y + 130. Let o = -61 + z. Let a(c) = c**2 + 8. Determine a(o).
8
Let c(t) = -2*t**2 - 3*t - 2. Let d(k) = 47*k - 96. Let p be d(2). Calculate c(p).
-4
Let n(w) be the first derivative of -w**3/3 - 10*w**2 + 2*w + 755. Give n(-18).
38
Let c(d) = d**3 - 5*d**2 + 2*d - 9. Let h = 21601 - 21596. What is c(h)?
1
Let b(l) be the first derivative of l**5/60 - l**4/6 - 40*l**2 + 85. Let w(z) be the second derivative of b(z). Give w(4).
0
Let k(x) = -7*x**2 + 10*x - 7. Let j(q) = -9*q**2 + 11*q - 7. Let p be ((-128)/48)/(3 + 33/(-9)). Let u(m) = p*j(m) - 5*k(m). What is u(-5)?
12
Let w = 33 - 83. Let k = w - -45. Let q(a) = -a - 6. What is q(k)?
-1
Let b(s) be the first derivative of s**5/60 + s**4/8 + 2*s**3/3 + 18*s - 11. Let m(r) be the third derivative of b(r). Give m(-4).
-5
Let x(z) = -2 + 4375*z - 8723*z + 4363*z. Give x(-1).
-17
Let g be (-8496)/240 + 136/40. Let h(f) = -f**3 - 31*f**2 + 33*f - 26. Calculate h(g).
-58
Let f = 165 - 163. Suppose -3*w + 3*p = -30, 7 = -f*w + p + 23. Let b(r) = r**2 - 2. What is b(w)?
34
Let i(t) = -4*t**2 - 3. Suppose 1432 - 7237 = 15*u. Let l be 2/(-9) - 1247/u. Calculate i(l).
-39
Suppose -910*m = -918*m. Let v(k) = -9*k + 5*k - k - 17. Let g(w) = -4*w - 16. Let p(h) = 6*g(h) - 5*v(h). Give p(m).
-11
Let y(o) = -2*o**2 - 8*o + 6. Let q(m) = -m**2 + 15*m - 26. Let g be q(8). Suppose 0 = -29*h + g*h + 6. What is y(h)?
-18
Let z(v) = 909*v**3 + 5*v + v**2 + 3*v**2 - 13 + 19*v - 910*v**3. Calculate z(7).
8
Let l(k) = 5*k**3 - 8*k**2 + 5*k - 4. Let b(w) = 17*w**3 - 25*w**2 + 15*w - 13. Let a(n) = -2*b(n) + 7*l(n). Let z(u) = u - 10. Let p be z(13). Calculate a(p).
-14
Let h(v) = v**3 - 33*v**2 + v - 21. Let i be h(33). Suppose -i*l = -0*l + 60. Let z(r) = r**2 + 5*r + 5. Determine z(l).
5
Let z(g) = -1561 - 1404 + 5*g + g**2 + 2981. Give z(-4).
12
Let u(p) = 7*p**3 - 9*p**2 + 2*p + 9. Let l(j) = -17*j**3 + 18*j**2 - 5*j - 18. Suppose 95 = -56*g - 17. Let a(h) = g*l(h) - 5*u(h). What is a(9)?
-9
Suppose -3*y - 4*b = -y - 372, 5*y = 2*b + 930. Let n(s) = -91 - 4*s - 105 + y. What is n(-4)?
6
Let c(t) = 11*t**2 + 42*t**2 - 26*t**2 + t**3 - 18 + 50*t. Determine c(-25).
-18
Let n be (3 - 2792/(-28)) + (-2)/(-7). Suppose -n*u = -107*u. Let v(d) = d + u + 11 - 3 - 5. Calculate v(-7).
-4
Let j(a) be the first derivative of -a**2 - 53*a - 1243. Calculate j(-24).
-5
Let b(y) = 4*y**3 - 6*y**2 - 8*y. Let u(x) = 5*x**3 - 7*x**2 - 9*x - 1. Let l(j) = 4*b(j) - 3*u(j). Let p be (-2 - -4)/((-38)/(-76)). What is l(p)?
-1
Let k(n) = 9*n - 1. Let x(r) = 46*r - 2. Let t(l) = -12*k(l) + 3*x(l). Determine t(-1).
-24
Let w(m) = -3*m**2 - m + 13. Let l(i) = 11*i**2 + 3*i - 39. Let d(o) = 2*l(o) + 7*w(o). Let f(j) = -j**2 + j + 6. Let b be f(3). Calculate d(b).
13
Let h(i) = -5*i - 7. Let f(z) = -3*z. Let x(r) = -f(r) - 3*h(r). Determine x(-1).
3
Let n(p) = -2*p**2 + 47*p - 99. Let h = -7084 - -7105. Give n(h).
6
Let h(w) = -41*w**3 + 292*w**3 + 34*w**2 - 33*w - 253*w**3 + 31*w**2 + 30. Give h(32).
-2
Suppose 0*u - 5*u - 2*h + 91 = 0, 0 = h + 2. Let c = u - 3. Suppose c = -14*a - 40. Let z(b) = -5*b - 2. Give z(a).
18
Let u(s) = 186 - 571 + 191 - 2*s**2 - 17*s + 190 - 4*s. What is u(-15)?
-139
Let h(f) = 4*f - 3. Suppose 3*x = u - 1, 3*x - 7 = -1. Suppose u = -2*b - 3. Let v be b*(42/(-10) - -3)/2. What is h(v)?
9
Let y(i) = i - 6. Let w(c) = c**3 + 2*c**2 - 3*c + 1. Let s = -245 - -243. Let n be w(s). Determine y(n).
1
Let m(f) = 2*f**2 + 22*f**3 + 3*f**2 + 3*f - 4*f**3 - 16*f**3. Let q = -252 + 249. Calculate m(q).
-18
Let o(b) be the second derivative of b**3/2 + 67*b. Suppose -14 = 10*r - 34. What is o(r)?
6
Let q(r) = -r + 39. Suppose -3334*w = -3313*w - 777. Determine q(w).
2
Let q(b) = -2*b**2 - 8*b + 2. Suppose 341*r - 349*r = 3240. Let v = 400 + r. Calculate q(v).
-8
Let l(m) = 7*m + 1. Let c(s) = 9*s - 1 + 18*s + 11*s - 46*s. Let b(w) = -5*c(w) - 4*l(w). Calculate b(1).
13
Let s(p) = 4*p - 6. Let f(b) = 11*b - 10. Let d(k) = 3*f(k) - 8*s(k). Calculate d(8).
26
Let k(c) = 94*c - 560. Let g be 2 - (1/(-2))/(37/296). Calculate k(g).
4
Let u(c) be the second derivative of c**5/20 + 43*c**4/12 + 157*c**3/6 + 28*c**2 - 12028*c. Give u(-39).
17
Let s(h) = 2 + 3*h - 3 - 2*h. Let m = -1783 + 1792. Determine s(m).
8
Let q(r) = -3*r + 3. Let l(p) = 5*p - 5. Let x(o) = -4*l(o) - 7*q(o). Let t = 2018 + -2015. Calculate x(t).
2
Let k(o) = o**3 - 50*o**2 - 101*o - 154. Let h be k(52). Let u(m) be the first derivative of m**3/3 - m**2 - 2. What is u(h)?
0
Let j(y) = -y**3 + 10*y**2 + 11*y - 2. Suppose 0 = 5*s + 596 - 771. Suppose -s*v = -204 - 181. Determine j(v).
-2
Let k(f) = -f**3 + 6*f**2 - 5*f - 2. Let o(s) = -8*s. Let g be o(8). Let t = 69 + g. Calculate k(t).
-2
Suppose -6*z + 20 = -10. Let d(s) = -5*s**3 - 9*s**2 - s - 3. Let b(p) = 2*p**3 + p**2 + p - 1. Let g(r) = 3*b(r) + d(r). Calculate g(z).
-21
Let k(p) = 7*p**2 - 1. Suppose 5*v - 16*d + 11*d = -2445, 2*d + 495 = -v. Let u = 489 + v. Determine k(u).
27
Let d(v) = -14*v**2 - 16*v + 2. Let m(w) = -28*w**2 - 27*w + 3. Let x(c) = -5*d(c) + 3*m(c). Suppose 11 = -21*n - 10. Determine x(n).
-14
Suppose -6*k = -15*k + 18. Suppose 3*w = -3*p + 51, w - 2*p - k*p + 3 = 0. Suppose 25*c + 84 = w*c. Let n(q) = -q**3 - 6*q**2 + 5*q - 8. What is n(c)?
6
Let c be 14/(-4)*264/(-924). Let y(p) = -16*p**3 + p**2 + p - 1. Determine y(c).
-15
Suppose 4*k + 124 = -4*v, -81 = 2*k - v - 34. Let u(l) = 2*l**3 + 51*l**2 - 27*l - 33. Determine u(k).
-7
Let c(l) = 3*l. Let g(y) = 83*y**2 - y - 42*y**2 + 2*y - 44*y**2 - 8*y. Let n(d) = -3*c(d) - g(d). Calculate n(1).
1
Let a(m) = -2*m**3 + 33*m**2 - 15*m + 4. Suppose -230*l + 47*l + 788 + 2140 = 0. Determine a(l).
20
Let f = 0 + 0. Let r(q) be the second derivative of -q**5/120 + q**4/3 + q**3 - 2*q**2 - 88*q. Let k(b) be the second derivative of r(b). Calculate k(f).
8
Let a(y) = 34*y - 3840168 + 3840161 - 13*y**2 + 4*y. Give a(3).
-10
Suppose -15*c = -1352 + 212. Let n(t) = 78 - c + 2*t - 3*t. Let r = -5 + -1. Determine n(r).
8
Let h(m) = -104*m - 618. Let q be h(-6). Let o(j) = 2*j - 13. What is o(q)?
-1
Suppose -56*t + 59*t = l - 4, 0 = 2*l + 2*t + 24. Let r(q) = -8936*q - 5 + 8*q**2 + 8936*q + q**3. What is r(l)?
-5
Let p(y) = 18*y**2 - y - 10. Suppose -3*o - 5*c = 4, 0 = -o + 3*c + 8 + 14. Let u(l) = 6*l**2 - 3. Let r(n) = o*u(n) - 2*p(n). Determine r(1).
7
Let z(a) = 4*a**3 + 69*a**2 + 8*a - 232. Let d(f) = -f**3 - 17*f**2 - 2*f + 57. Let w(t) = -25*d(t) - 6*z(t). Calculate w(-10).
47
Let w(q) be the first derivative of 205*q**2 + 265 - 202*q**2 + 4*q + 2*q. What is w(-3)?
-12
Let l(p) = 12*p + 158. Let f be l(-